et u(f) = 2*f**3 + 33*f**2 + 92*f - 254. Give u(-12).
-62
Let w(s) = -s**3 - 410*s**2 + 18481*s + 413. What is w(41)?
3
Let o(v) = v**2 - 998*v - 89992. Determine o(-83).
-269
Let x(a) = -716*a + 5345. Calculate x(8).
-383
Let p(f) = -9*f**3 - 948*f**2 + 1659*f + 5772. Calculate p(-107).
-6
Let h(y) = -282*y + 15508. Calculate h(45).
2818
Let g(s) = -746*s - 17894. Determine g(-24).
10
Let l(w) = -1559*w**2 - 6250*w - 47. Give l(-4).
9
Let r(s) = -s**3 + 100*s**2 - 178*s + 525. Give r(98).
2289
Let h(c) = -830491*c - 830497. Give h(-1).
-6
Let x(p) = 6*p**2 - 179*p + 2102. Give x(11).
859
Let z(d) = -21*d**2 - 13313*d + 27351. Calculate z(-636).
3
Let k(v) = 18*v + 1687. Give k(-31).
1129
Let r(b) = b**3 - 5*b**2 - 209*b + 437. Calculate r(2).
7
Let z(k) = -68*k**2 - 2432*k + 5574. Calculate z(-38).
-202
Let c(l) = -36*l**2 - 919*l - 1307. Determine c(-24).
13
Let w(p) = 4*p**3 - 4*p**2 - 146*p - 445. Determine w(-4).
-181
Let l(i) = 124*i**2 + 2168*i + 2938. What is l(-16)?
-6
Let h(u) = -161*u**2 + 33009*u - 833. Give h(205).
-13
Let r(y) = -8651*y + 121127. Give r(14).
13
Let j(m) = 13*m**2 + 2*m + 17. What is j(4)?
233
Let k(y) = y**3 + 38*y**2 + 220*y + 39. Give k(-7).
18
Let q(f) = 3*f**3 + 656*f**2 + 13849*f + 773. What is q(-195)?
-7
Let z(w) = -32280*w + 936299. What is z(29)?
179
Let v(h) = -6*h**2 + 336*h + 364. Determine v(51).
1894
Let u(p) = 11*p**2 - 376*p - 9431. Calculate u(51).
4
Let z(p) = p**2 + 5055*p - 106693. Calculate z(21).
-97
Let j(d) = d**3 + 2*d**2 - 4304*d + 4302. Calculate j(1).
1
Let n(m) = m**3 + 11668*m**2 + 81635*m + 43. Give n(-7).
-13
Let d(w) = 156*w - 8218. What is d(52)?
-106
Let d(t) = t**2 + 17*t - 210. Give d(-15).
-240
Let a(r) = 8346*r + 851198. Give a(-102).
-94
Let n(t) = -t**3 - 422*t**2 - 822*t + 7554. Give n(-420).
-6
Let l(b) = -9*b**2 - 5321*b - 257707. What is l(-538)?
-5
Let r(z) = -4*z**2 - 6314*z - 87586. Give r(-14).
26
Let u(q) = -q**3 + 402*q**2 - 18501*q + 1495. What is u(349)?
99
Let b(j) = -2*j**2 + 257*j + 27519. Calculate b(198).
-3
Let d(a) = 83*a - 1461. Calculate d(17).
-50
Let s(m) = 160*m**2 + 16*m + 651. Give s(0).
651
Let g(z) = -680*z + 3253. What is g(4)?
533
Let f(v) = 31*v**2 + 866*v + 1990. Give f(-6).
-2090
Let o(s) = -s**2 + 115*s - 1971. Give o(18).
-225
Let d(b) = -20542*b + 1437919. What is d(70)?
-21
Let y(j) = 6056*j - 36382. Give y(6).
-46
Let m(w) = w**3 + 10*w**2 - 101*w - 126. Calculate m(-16).
-46
Let c(b) = b**3 + 30*b**2 + 736*b + 25611. What is c(-32)?
11
Let w(g) = -g**2 + 30892*g + 32. What is w(0)?
32
Let n(o) = 50*o**3 - 10*o**2 - 201*o - 192. Calculate n(-1).
-51
Let c(n) = -4123*n - 17798. What is c(-4)?
-1306
Let a(f) = -f**2 - 193*f + 3054. Calculate a(14).
156
Let r(d) = -2098*d - 352456. Calculate r(-168).
8
Let v(c) = 35970*c - 215950. What is v(6)?
-130
Let n(h) = 4986*h + 1600. What is n(0)?
1600
Let c(m) = -13*m**2 - 389*m - 1234. What is c(-26)?
92
Let o(i) = 5976973*i + 11953944. Calculate o(-2).
-2
Let t(i) = 5258*i + 5177. Calculate t(-1).
-81
Let o(z) = 14822*z - 192841. Give o(13).
-155
Let x(n) = -18*n**2 - 9*n + 436. Determine x(-6).
-158
Let r(w) = w**3 + 966*w**2 - 6750*w + 59355. Calculate r(-973).
2
Let l(j) = 4*j - 644. Give l(-31).
-768
Let f(z) = -5*z**3 + 210*z**2 - 12*z + 655. Give f(42).
151
Let f(l) = 3*l**3 - 389*l**2 + 664*l - 1039. What is f(128)?
2033
Let m(x) = 1694*x - 62904. What is m(37)?
-226
Let v(o) = 2*o**2 + 271*o + 7852. Give v(-43).
-103
Let g(u) = -u**2 + 253*u + 6709. Give g(-24).
61
Let o(y) = 71845*y - 574857. Determine o(8).
-97
Let y(o) = 389*o + 2263. Calculate y(-9).
-1238
Let g(s) = s**2 - 317514*s - 3175253. Determine g(-10).
-13
Let h(w) = 2444*w - 19571. Calculate h(8).
-19
Let g(r) = 10083*r + 40489. Calculate g(-4).
157
Let k(i) = -2*i**3 + 32*i**2 - 176*i + 417. Determine k(8).
33
Let d(j) = 8*j**2 + 206*j - 1132. Determine d(5).
98
Let h(d) = -d**3 + 497*d**2 - 32674*d - 3378. Give h(419).
-26
Let y(g) = g**3 - 190*g**2 - 186*g - 1361. Calculate y(191).
-406
Let o(h) = -8*h**2 - 290*h - 2555. Give o(-20).
45
Let h(k) = k**3 + 298*k**2 + 5314*k + 3130. Give h(-279).
-497
Let j(f) = -f**3 - 7*f**2 + 433*f + 3009. What is j(-7)?
-22
Let d(i) = i**3 + 55*i**2 + 118*i + 168. Give d(-53).
-468
Let a(c) = -827*c - 52556. Determine a(-63).
-455
Let y(p) = 41*p**2 + 144*p + 71. Give y(-3).
8
Let b(d) = 118*d + 6746. Calculate b(-65).
-924
Let w(u) = 8058*u - 32040. What is w(4)?
192
Let k(h) = -10*h**2 + 3412*h - 76693. Give k(317).
21
Let g(m) = 970*m + 38792. Calculate g(-40).
-8
Let i(r) = 3298*r + 1019104. Give i(-309).
22
Let w(x) = -1779*x**2 - 28465*x - 17. Determine w(-16).
-1
Let f(y) = -4*y**3 + 296*y**2 + 1682*y + 47471. Give f(81).
5
Let l(w) = 5*w**2 - 141*w - 6900. Give l(-26).
146
Let r(h) = -3*h**2 - 1548*h + 12377. Calculate r(8).
-199
Let o(k) = -5*k**3 + 152*k**2 - 1883*k + 61252. Give o(31).
-4
Let y(x) = x**3 + 8*x**2 - 21*x + 133. What is y(6)?
511
Let r(f) = -1312*f + 1104702. Calculate r(842).
-2
Let v(n) = -107*n**3 + 13*n**2 - 12*n - 37. Give v(-4).
7067
Let y(c) = -c**3 - 117*c**2 + 320*c - 977. Calculate y(-120).
3823
Let j(n) = -1186*n + 4388. What is j(4)?
-356
Let i(f) = -2216*f + 403300. Calculate i(182).
-12
Let y(i) = 516*i - 2607. Determine y(5).
-27
Let q(m) = -m**2 - 44*m - 193. Calculate q(-34).
147
Let s(w) = -4*w**2 + 306*w - 1874. Determine s(7).
72
Let k(h) = 56*h**3 - 582*h**2 + 713*h - 176. What is k(9)?
-77
Let b(q) = 2160*q + 46. What is b(0)?
46
Let z(u) = 3*u**3 + 25*u**2 + 142*u + 1634. Determine z(-10).
-286
Let m(b) = 73*b**2 + 44*b + 177. Give m(-4).
1169
Let z(a) = 3691*a + 28. Calculate z(0).
28
Let q(d) = -d**3 + 213*d**2 - 647*d + 30. Determine q(3).
-21
Let z(h) = h**2 + 161*h + 4026. Give z(-64).
-2182
Let k(a) = 20*a + 1913. Determine k(-36).
1193
Let r(h) = 36*h**2 + 572*h + 1128. Determine r(-15).
648
Let t(b) = -39*b - 1215. Determine t(-31).
-6
Let a(h) = h**3 + 178*h**2 - 503*h - 58015. Give a(-179).
-19
Let g(o) = 196835*o + 6889229. Give g(-35).
4
Let g(u) = 17*u**3 + 276*u**2 + 341*u + 4361. Give g(-16).
-71
Let c(y) = 13*y**2 - 271*y - 17. Calculate c(21).
25
Let y(t) = t**2 - 1084*t - 39160. Determine y(-35).
5
Let o(j) = 3*j**3 + 22*j**2 - j + 413. Calculate o(-9).
17
Let d(v) = -v**3 + 6*v**2 + 59696*v - 358143. What is d(6)?
33
Let d(t) = -4178*t + 16689. Give d(4).
-23
Let g(z) = -z**3 + 13*z**2 + 837*z - 7156. What is g(8)?
-140
Let w(z) = 581*z - 227064. Give w(392).
688
Let d(n) = -1181*n + 571583. Give d(484).
-21
Let m(q) = 2*q**2 + 32374*q - 161871. Calculate m(5).
49
Let u(w) = -534*w + 14505. Determine u(27).
87
Let d(v) = -8*v**2 - 685*v - 284. Give d(-83).
1459
Let r(p) = -3133*p - 119035. Give r(-38).
19
Let z(c) = 307*c + 3307. Determine z(-10).
237
Let m(j) = j**3 + 27*j**2 - 60*j - 709. What is m(-29)?
-651
Let w(l) = 23782*l + 214045. Calculate w(-9).
7
Let j(r) = r**3 - 405*r**2 + 2164*r - 876442. What is j(405)?
-22
Let f(r) = -492*r**2 - 104795*r + 210. What is f(-213)?
-3
Let y(h) = -3*h**3 + 590*h**2 + 2235*h - 675. Calculate y(-4).
17
Let t(x) = -x**3 + 69*x**2 + 352*x + 1120. Give t(74).
-212
Let h(f) = 49480*f + 49494. Determine h(-1).
14
Let w(b) = 333*b**2 - 38946*b - 1823. Calculate w(117).
-68
Let m(a) = -a**2 - 936*a - 135504. Calculate m(-179).
-1
Let p(x) = -9*x**2 - 87*x - 319. Determine p(9).
-1831
Let y(z) = -2*z**3 + 14*z**2 + 682*z - 6618. Calculate y(15).
12
Let u(j) = -4*j**3 - 100*j**2 - 9*j - 176. What is u(-25)?
49
Let g(p) = -15353*p - 107427. Give g(-7).
44
Let w(x) = -571*x - 37741. Give w(-67).
516
Let i(v) = -15*v**3 - 212*v**2 + 57*v + 1193. Determine i(-14).
3
Let l(b) = -31552*b - 3912446. Calculate l(-124).
2
Let q(m) = -5*m**3 + 134*m**2 + 2*m - 47. Determine q(27).
-722
Let d(f) = -9*f**2 - 756*f - 787. Give d(-84).
-787
Let o(j) = 2*j**3 - 73*j**2 + 388*j - 15704. Give o(37).
21
Let x(u) = u**3 + 19*u**2 + 746*u + 7237. Calculate x(-11).
-1
Let w(q) = -4*q**2 - 9330*q + 593835. Determine w(62).
-1
Let n(k) = k**3 + 78*k**2 - 1503*k + 720. Calculate n(-94).
626
Let g(x) = 61120*x - 1161279. What is g(19)?
1
Let w(i) = 8*i**3 - 636*i**2 + 217*i + 7825. Determine w(79).
4
Let v(x) = -304*x + 20956. Give v(74).
-1540
Let r(m) = 7274*m - 65590. Calculate r(9).
-124
Let m(r) = 1